680.
1080
Calculate the highest common factor of 1402670 and 1561.
223
Calculate the greatest common factor of 4108 and 169471432.
4108
Calculate the highest common factor of 412419 and 1072960.
3353
Calculate the highest common factor of 1111 and 3902135.
101
Calculate the greatest common factor of 101 and 208969.
101
What is the highest common divisor of 125992080 and 2700?
180
Calculate the highest common factor of 123114 and 1897830.
426
Calculate the highest common factor of 83280276 and 18.
18
What is the highest common factor of 381786 and 2246142?
1938
What is the highest common factor of 27 and 13450035?
3
What is the greatest common divisor of 576924 and 9111876?
4404
Calculate the greatest common divisor of 3996650 and 1224237.
4207
What is the highest common factor of 108178 and 406?
14
What is the greatest common divisor of 27031185 and 135?
135
Calculate the greatest common divisor of 1959 and 9511598.
653
Calculate the highest common factor of 7105 and 18935.
35
Calculate the highest common factor of 399143 and 527986.
901
What is the highest common divisor of 81 and 10915632?
9
What is the greatest common factor of 76 and 14793324?
76
Calculate the greatest common factor of 93269475 and 300.
75
What is the highest common factor of 6231 and 6925857?
201
What is the highest common divisor of 15410417 and 352?
11
What is the highest common divisor of 12000 and 5677500?
1500
Calculate the highest common factor of 124 and 7022647.
31
Calculate the greatest common divisor of 93609544 and 70.
14
What is the highest common divisor of 2811549 and 975?
39
What is the highest common divisor of 5 and 6738665?
5
What is the highest common factor of 1521224 and 498?
166
What is the highest common factor of 293812498 and 1379?
1379
Calculate the highest common divisor of 24996 and 62484.
12
Calculate the highest common divisor of 262835 and 85.
5
What is the highest common divisor of 1513644 and 462?
66
What is the highest common divisor of 460593 and 38934?
189
Calculate the highest common divisor of 30364 and 4915.
1
What is the greatest common divisor of 2164716 and 114924?
1884
Calculate the highest common factor of 7287830 and 3804.
634
Calculate the highest common divisor of 644651 and 75194.
917
Calculate the highest common divisor of 183361408 and 128.
128
Calculate the greatest common factor of 14885046 and 2112.
66
Calculate the greatest common factor of 46732 and 7420.
28
What is the greatest common divisor of 288 and 563840?
32
Calculate the greatest common factor of 522 and 1759338.
18
What is the highest common factor of 1337805 and 990?
45
What is the highest common factor of 988936 and 37596?
52
What is the greatest common divisor of 216 and 82632?
24
What is the greatest common factor of 281664 and 94866?
978
What is the highest common divisor of 27447396 and 4?
4
What is the highest common factor of 3758022 and 9?
9
What is the greatest common factor of 20 and 172578410?
10
Calculate the greatest common divisor of 376 and 20830024.
376
Calculate the greatest common divisor of 934412 and 3950.
158
Calculate the highest common factor of 2306080 and 12040.
280
Calculate the greatest common factor of 9805 and 873570.
185
What is the highest common divisor of 30780945 and 45?
45
What is the greatest common factor of 112476 and 4841?
103
What is the highest common factor of 825 and 66264?
33
What is the highest common divisor of 931742 and 4382?
14
What is the greatest common factor of 91108 and 628?
4
What is the greatest common divisor of 105222 and 15435258?
8094
What is the highest common factor of 1487229 and 50151?
219
What is the highest common factor of 2860 and 18050149?
13
What is the highest common factor of 242624 and 224?
32
What is the greatest common divisor of 119000780 and 1892?
172
Calculate the greatest common divisor of 748 and 2322419.
11
What is the highest common factor of 1455936 and 2532?
12
What is the greatest common factor of 9711322 and 1098?
122
What is the highest common factor of 496113 and 5856?
183
Calculate the highest common divisor of 113520 and 9935365.
2365
Calculate the greatest common divisor of 1242 and 21317688.
1242
Calculate the highest common factor of 26293644 and 4940.
988
Calculate the greatest common divisor of 15018 and 9426.
6
Calculate the highest common divisor of 4338 and 1580628.
6
Calculate the greatest common factor of 5653377 and 961.
31
What is the greatest common divisor of 91 and 1989292123?
91
What is the highest common divisor of 12 and 1287145452?
12
What is the highest common factor of 737689720 and 148?
148
Calculate the greatest common factor of 53 and 10201917.
53
Calculate the greatest common factor of 1293888 and 5088.
96
Calculate the highest common divisor of 9081325 and 160.
5
Calculate the highest common divisor of 125 and 1472025.
25
What is the highest common divisor of 7510333 and 899?
29
What is the greatest common divisor of 45845 and 41693?
173
What is the greatest common factor of 4623 and 250860931?
1541
What is the greatest common factor of 63 and 7876557?
9
What is the highest common divisor of 54 and 1643656347?
27
Calculate the greatest common factor of 24 and 286148792.
8
What is the highest common factor of 418 and 5137?
11
Calculate the highest common divisor of 14434 and 10724.
14
What is the greatest common factor of 75578636 and 2968?
1484
What is the greatest common factor of 198 and 1103322?
66
Calculate the greatest common divisor of 117056715 and 135.
15
Calculate the greatest common factor of 3738 and 63055254.
534
Calculate the greatest common divisor of 189 and 28490427.
189
Calculate the greatest common divisor of 2073750 and 2309565.
1185
What is the highest common divisor of 324195 and 3?
3
What is the greatest common divisor of 1178 and 983258?
62
Calculate the highest common divisor of 2399189 and 117.
13
Calculate the greatest common factor of 513 and 1148913.
9
Calculate the highest common divisor of 3397 and 2454609.
79
Calculate the greatest common divisor of 241010 and 37559687.
3443
Calculate the greatest common factor of 442357232 and 47.
47
What is the highest common divisor of 230533288 and 16?
8
What is the greatest common factor of 4183740 and 900?
180
Calculate the highest common divisor of 18 and 105334806.
6
Calculate the greatest common divisor of 54769529 and 93.
31
What is the greatest common divisor of 5552 and 1495?
1
What is the greatest common divisor of 318969 and 45318?
1743
What is the greatest common factor of 55056110 and 5050?
1010
What is the greatest common factor of 1106332240 and 1040?
1040
What is the greatest common factor of 2515824 and 32?
16
What is the greatest common factor of 287 and 5811757?
7
Calculate the highest common factor of 170 and 8580240.
170
Calculate the highest common divisor of 1889552 and 8288.
112
Calculate the highest common factor of 24 and 411901496.
8
What is the greatest common divisor of 1257 and 7163224?
419
Calculate the greatest common divisor of 368 and 8438700.
92
What is the greatest common factor of 189 and 41442527?
7
Calculate the greatest common divisor of 246566271 and 6181.
6181
Calculate the highest common factor of 86270 and 570.
10
Calculate the greatest common factor of 33162159 and 207.
69
Calculate the highest common factor of 1424 and 832624.
16
What is the highest common factor of 22886754 and 44?
22
What is the greatest common factor of 15 and 1736421240?
15
Calculate the greatest common factor of 4776 and 8451132.
2388
What is the greatest common factor of 1023560 and 600?
40
What is the highest common factor of 27237 and 32928?
21
What is the highest common factor of 1649387510 and 710?
710
What is the greatest common factor of 7829792 and 3196?
68
What is the greatest common divisor of 2923 and 8522362?
79
Calculate the greatest common divisor of 4824 and 436718328.
1608
What is the highest common factor of 15734838 and 1890?
42
Calculate the highest common factor of 110 and 9602538.
22
What is the highest common factor of 213642 and 190346?
26
Calculate the greatest common factor of 31950 and 200.
50
Calculate the greatest common factor of 96 and 1279072.
32
What is the greatest common divisor of 17701576 and 273632?
4024
Calculate the g